ors of 390515919.
3, 23, 5659651
List the prime factors of 132943432.
2, 16617929
List the prime factors of 37466085.
3, 5, 2497739
List the prime factors of 6902195281.
23, 557, 538771
List the prime factors of 1815961362.
2, 3, 302660227
What are the prime factors of 48697143?
3, 11, 37, 39883
List the prime factors of 52876622.
2, 26438311
List the prime factors of 1993830240.
2, 3, 5, 47, 88379
List the prime factors of 85293945.
3, 5, 11, 19, 3023
What are the prime factors of 2919994948?
2, 13, 89, 630941
What are the prime factors of 733239128?
2, 91654891
What are the prime factors of 18947605?
5, 17, 222913
List the prime factors of 612036270.
2, 3, 5, 2266801
What are the prime factors of 1927025908?
2, 43, 11203639
List the prime factors of 44224844.
2, 11056211
What are the prime factors of 29684883?
3, 1087, 9103
What are the prime factors of 43174624?
2, 1349207
What are the prime factors of 3636303298?
2, 17, 106950097
List the prime factors of 42639211.
19, 977, 2297
What are the prime factors of 708019257?
3, 11, 1291, 16619
What are the prime factors of 21286561?
4507, 4723
List the prime factors of 369501028.
2, 13, 31, 47, 4877
List the prime factors of 2846908603.
7, 11, 683, 54133
What are the prime factors of 176758907?
13, 61, 137, 1627
What are the prime factors of 1772593550?
2, 5, 7, 13, 223, 1747
What are the prime factors of 77324639?
7, 11046377
What are the prime factors of 144314858?
2, 31, 337, 6907
What are the prime factors of 2477185534?
2, 19, 1831, 35603
List the prime factors of 692338476.
2, 3, 89, 648257
What are the prime factors of 125979?
3, 7, 857
List the prime factors of 46411458.
2, 3, 7735243
List the prime factors of 275965641.
3, 7, 17, 257671
What are the prime factors of 22669660?
2, 5, 13, 19, 353
List the prime factors of 14844572.
2, 149, 24907
List the prime factors of 521110714.
2, 47, 607, 9133
List the prime factors of 603280462.
2, 17, 67, 264829
List the prime factors of 228811738.
2, 17, 521, 12917
What are the prime factors of 1162049068?
2, 3797, 76511
What are the prime factors of 244190385?
3, 5, 5426453
What are the prime factors of 84320572?
2, 7, 67, 6421
List the prime factors of 510856455.
3, 5, 34057097
What are the prime factors of 738664037?
313, 2359949
List the prime factors of 2800252947.
3, 933417649
What are the prime factors of 1831499214?
2, 3, 305249869
List the prime factors of 5334789734.
2, 9419, 283193
List the prime factors of 1952823567.
3, 349, 1865161
List the prime factors of 45106008.
2, 3, 67, 28051
What are the prime factors of 2859050926?
2, 23, 227, 273803
What are the prime factors of 39791083?
967, 41149
What are the prime factors of 770753899?
31, 24863029
List the prime factors of 47978253.
3, 23, 231779
List the prime factors of 151026227.
11, 2543, 5399
List the prime factors of 95681721.
3, 31893907
List the prime factors of 411938427.
3, 37, 3711157
List the prime factors of 90330485.
5, 7, 103, 25057
What are the prime factors of 179716647?
3, 11, 5445959
List the prime factors of 1798765168.
2, 112422823
List the prime factors of 164193470.
2, 5, 7, 53, 44257
List the prime factors of 12362591.
71, 174121
List the prime factors of 320379037.
11, 29, 1004323
What are the prime factors of 53891299?
7, 11, 31, 107, 211
List the prime factors of 275388922.
2, 9829, 14009
What are the prime factors of 389998002?
2, 3, 64999667
List the prime factors of 292279901.
43, 367, 18521
List the prime factors of 1543785740.
2, 5, 7, 31, 59, 6029
List the prime factors of 88444819.
88444819
List the prime factors of 317720689.
11, 13, 23, 96601
What are the prime factors of 100494803?
17, 953, 6203
List the prime factors of 1196223081.
3, 398741027
List the prime factors of 413674081.
751, 550831
List the prime factors of 386813594.
2, 193406797
What are the prime factors of 21770670?
2, 3, 5, 137, 5297
What are the prime factors of 36196352?
2, 8837
What are the prime factors of 302998774?
2, 13, 31, 41, 53, 173
List the prime factors of 19442677.
19442677
What are the prime factors of 2618811644?
2, 1453, 450587
What are the prime factors of 308568337?
7, 11, 41, 13963
List the prime factors of 38299249.
17, 2252897
What are the prime factors of 26292685?
5, 41, 128257
List the prime factors of 46805148.
2, 3, 13, 17, 37, 53
List the prime factors of 73154281.
17, 269, 941
What are the prime factors of 13480237?
13480237
List the prime factors of 602646118.
2, 43, 1789, 3917
What are the prime factors of 1363953363?
3, 199, 2284679
List the prime factors of 623912100.
2, 3, 5, 7, 42443
What are the prime factors of 40719468?
2, 3, 83, 40883
What are the prime factors of 691214168?
2, 37, 2335183
List the prime factors of 267240838.
2, 727, 183797
What are the prime factors of 128221634?
2, 61, 1050997
List the prime factors of 37072776.
2, 3, 13, 31, 3833
List the prime factors of 475379595.
3, 5, 83, 127277
What are the prime factors of 83834598?
2, 3, 13972433
What are the prime factors of 1564674417?
3, 83, 127, 16493
What are the prime factors of 225082643?
137, 1642939
List the prime factors of 320552089.
11, 13, 1301, 1723
List the prime factors of 266128565.
5, 53225713
What are the prime factors of 164075296?
2, 7, 11, 17, 3917
List the prime factors of 420295741.
420295741
List the prime factors of 3111803661.
3, 43, 239, 100931
What are the prime factors of 4665576926?
2, 277, 8421619
List the prime factors of 50445937.
50445937
What are the prime factors of 2071752396?
2, 3, 7, 17, 37, 113, 347
What are the prime factors of 833898841?
17, 613, 80021
List the prime factors of 1610562603.
3, 13, 23, 37, 48527
What are the prime factors of 155479481?
613, 253637
What are the prime factors of 1791212674?
2, 31, 41, 704647
What are the prime factors of 227112335?
5, 263, 172709
List the prime factors of 59590759.
433, 137623
List the prime factors of 846246764.
2, 11, 103, 186727
List the prime factors of 800101985.
5, 160020397
List the prime factors of 27889069.
13, 43, 49891
What are the prime factors of 277121136?
2, 3, 167, 181, 191
What are the prime factors of 2792703268?
2, 698175817
What are the prime factors of 64548581?
64548581
List the prime factors of 122194082.
2, 61097041
List the prime factors of 5339590441.
5339590441
What are the prime factors of 52616257?
37, 1422061
What are the prime factors of 8233649468?
2, 11, 19, 83, 118661
What are the prime factors of 1966952045?
5, 173, 769, 2957
List the prime factors of 1470961597.
7, 3797, 55343
What are the prime factors of 1317126421?
13, 43, 2356219
What are the prime factors of 1597947226?
2, 798973613
List the prime factors of 2124554830.
2, 5, 212455483
What are the prime factors of 614178477?
3, 11, 19, 127, 857
What are the prime factors of 119957497?
11, 53, 205759
What are the prime factors of 936289616?
2, 58518101
What are the prime factors of 772435862?
2, 11, 2789, 12589
List the prime factors of 24144520.
2, 5, 603613
What are the prime factors of 179029779?
3, 937, 63689
List the prime factors of 4687201.
1747, 2683
What are the prime factors of 390308855?
5, 211, 369961
What are the prime factors of 632572056?
2, 3, 1433, 6131
What are the prime factors of 174561438?
2, 3, 29093573
What are the prime factors of 6423237?
3, 37, 19289
List the prime factors of 1466483685.
3, 5, 107, 239, 3823
List the prime factors of 8929309.
101, 211, 419
What are the prime factors of 611682821?
71, 109, 79039
What are the prime factors of 4859129172?
2, 3, 43, 67, 140551
What are the prime factors of 445034454?
2, 3, 19, 113, 179, 193
List the prime factors of 5757484877.
17, 2411, 8263
List the prime factors of 12955864.
2, 593, 2731
List the prime factors of 3274047666.
2, 3, 163, 1115899
What are the prime factors of 197095339?
7, 29, 101, 9613
What are the prime factors of 2014225181?
2014225181
What are the prime factors of 192890243?
7, 13, 2119673
List the prime factors of 293556756.
2, 3, 24463063
What are the prime factors of 184265252?
2, 379, 121547
What are the prime factors of 117432150?
2, 3, 5, 11, 71171
What are the prime factors of 361648714?
2, 7, 67, 55079
List the prime factors of 4634252.
2, 7, 19, 31, 281
List the prime factors of 121427548.
2, 11, 2759